4978031
What are the prime factors of 2230160?
2, 5, 61, 457
What are the prime factors of 2576415?
3, 5, 171761
What are the prime factors of 4382864?
2, 273929
List the prime factors of 13012337.
13, 61, 269
What are the prime factors of 32420486?
2, 7, 103, 22483
What are the prime factors of 1686807?
3, 187423
What are the prime factors of 19760?
2, 5, 13, 19
List the prime factors of 224901.
3, 24989
List the prime factors of 614781.
3, 83, 823
List the prime factors of 622363.
7, 67, 1327
List the prime factors of 540776.
2, 23, 2939
What are the prime factors of 2657532?
2, 3, 221461
What are the prime factors of 5942841?
3, 1980947
What are the prime factors of 831018?
2, 3, 43, 3221
List the prime factors of 3393937.
1289, 2633
List the prime factors of 623953.
11, 131, 433
List the prime factors of 271605.
3, 5, 19, 953
What are the prime factors of 711525?
3, 5, 53, 179
What are the prime factors of 4822343?
4822343
List the prime factors of 560549.
11, 131, 389
List the prime factors of 123132.
2, 3, 31, 331
What are the prime factors of 5017038?
2, 3, 13, 131, 491
List the prime factors of 137968.
2, 8623
List the prime factors of 512264.
2, 64033
What are the prime factors of 210560?
2, 5, 7, 47
What are the prime factors of 5308790?
2, 5, 19, 27941
List the prime factors of 1067818.
2, 533909
What are the prime factors of 1287681?
3, 429227
List the prime factors of 3449292.
2, 3, 7, 11, 3733
What are the prime factors of 279717?
3, 93239
List the prime factors of 1682617.
911, 1847
List the prime factors of 581732.
2, 145433
List the prime factors of 460960.
2, 5, 43, 67
List the prime factors of 472239.
3, 137, 383
What are the prime factors of 285630?
2, 3, 5, 9521
List the prime factors of 3349072.
2, 209317
What are the prime factors of 4084170?
2, 3, 5, 136139
What are the prime factors of 420465?
3, 5, 28031
List the prime factors of 13424869.
239, 56171
What are the prime factors of 2857857?
3, 952619
What are the prime factors of 423688?
2, 211, 251
List the prime factors of 303726.
2, 3, 223, 227
What are the prime factors of 607688?
2, 37, 2053
List the prime factors of 2462133.
3, 820711
List the prime factors of 1363151.
1363151
List the prime factors of 147930.
2, 3, 5, 4931
What are the prime factors of 2141273?
29, 47, 1571
What are the prime factors of 285744?
2, 3, 5953
What are the prime factors of 13497018?
2, 3, 1153, 1951
List the prime factors of 263685.
3, 5, 17579
What are the prime factors of 8478618?
2, 3, 1413103
What are the prime factors of 231946?
2, 11, 13, 811
What are the prime factors of 358378?
2, 19, 9431
List the prime factors of 20531535.
3, 5, 113, 12113
List the prime factors of 567274.
2, 283637
List the prime factors of 4777966.
2, 2388983
List the prime factors of 2143470.
2, 3, 5, 7, 59, 173
List the prime factors of 1721.
1721
List the prime factors of 235517.
47, 5011
List the prime factors of 117126.
2, 3, 241
List the prime factors of 53779.
11, 4889
List the prime factors of 1839681.
3, 71, 2879
What are the prime factors of 1070772?
2, 3, 89231
List the prime factors of 193865.
5, 7, 29, 191
What are the prime factors of 19610?
2, 5, 37, 53
List the prime factors of 244828.
2, 97, 631
List the prime factors of 419842.
2, 23, 9127
What are the prime factors of 4926845?
5, 7, 11, 67, 191
List the prime factors of 11941839.
3, 7, 13, 2083
What are the prime factors of 60873?
3, 103, 197
What are the prime factors of 74610?
2, 3, 5, 829
What are the prime factors of 369099?
3, 41011
List the prime factors of 304124.
2, 76031
What are the prime factors of 10970080?
2, 5, 11, 23, 271
List the prime factors of 3389395.
5, 23, 29473
What are the prime factors of 14049931?
7, 2007133
List the prime factors of 565829.
11, 51439
What are the prime factors of 1366611?
3, 455537
List the prime factors of 63886.
2, 17, 1879
What are the prime factors of 6185713?
6185713
What are the prime factors of 3039297?
3, 19, 71, 751
What are the prime factors of 156963?
3, 52321
List the prime factors of 661446.
2, 3, 1361
What are the prime factors of 15150138?
2, 3, 59, 42797
List the prime factors of 18151.
7, 2593
List the prime factors of 3500400.
2, 3, 5, 2917
What are the prime factors of 7935091?
43, 109, 1693
List the prime factors of 730082.
2, 17, 109, 197
What are the prime factors of 13282088?
2, 1660261
List the prime factors of 1329860.
2, 5, 7, 23, 59
What are the prime factors of 2283?
3, 761
What are the prime factors of 1073267?
13, 82559
List the prime factors of 6371299.
11, 23, 25183
List the prime factors of 320227.
103, 3109
List the prime factors of 17349966.
2, 3, 37, 109, 239
List the prime factors of 1661720.
2, 5, 41543
What are the prime factors of 7128533?
7128533
What are the prime factors of 1786402?
2, 59, 15139
What are the prime factors of 9277008?
2, 3, 13, 14867
What are the prime factors of 188300?
2, 5, 7, 269
List the prime factors of 37487578.
2, 18743789
What are the prime factors of 711420?
2, 3, 5, 71, 167
List the prime factors of 8121800.
2, 5, 40609
List the prime factors of 1888432.
2, 7, 13, 1297
List the prime factors of 7606276.
2, 17, 111857
What are the prime factors of 4333763?
7, 293, 2113
What are the prime factors of 1514373?
3, 7, 37, 1949
What are the prime factors of 1787694?
2, 3, 67, 4447
List the prime factors of 233305.
5, 29, 1609
What are the prime factors of 630420?
2, 3, 5, 7, 19, 79
What are the prime factors of 156960?
2, 3, 5, 109
What are the prime factors of 535362?
2, 3, 89227
List the prime factors of 49210.
2, 5, 7, 19, 37
What are the prime factors of 1585934?
2, 7, 16183
What are the prime factors of 1597806?
2, 3, 7, 1409
What are the prime factors of 10617853?
37, 347, 827
List the prime factors of 1893952.
2, 101, 293
What are the prime factors of 494662?
2, 7, 89, 397
What are the prime factors of 11744431?
11744431
List the prime factors of 552868.
2, 89, 1553
What are the prime factors of 6441296?
2, 402581
What are the prime factors of 4707768?
2, 3, 13, 79, 191
What are the prime factors of 985783?
985783
What are the prime factors of 338860?
2, 5, 16943
What are the prime factors of 699588?
2, 3, 19433
What are the prime factors of 2530839?
3, 843613
List the prime factors of 3524256.
2, 3, 4079
List the prime factors of 2021730.
2, 3, 5, 67391
What are the prime factors of 85609?
59, 1451
What are the prime factors of 2499927?
3, 833309
What are the prime factors of 2951860?
2, 5, 37, 3989
What are the prime factors of 12941598?
2, 3, 29, 74377
What are the prime factors of 387564?
2, 3, 32297
List the prime factors of 8778344.
2, 1097293
List the prime factors of 1894979.
41, 46219
What are the prime factors of 13854581?
13, 569, 1873
List the prime factors of 11490.
2, 3, 5, 383
What are the prime factors of 13212412?
2, 113, 29231
List the prime factors of 308893.
13, 23761
What are the prime factors of 58420?
2, 5, 23, 127
List the prime factors of 294880.
2, 5, 19, 97
What are the prime factors of 934623?
3, 113, 919
What are the prime factors of 333566?
2, 166783
What are the prime factors of 1579249?
7, 17, 23, 577
What are the prime factors of 1680166?
2, 840083
List the prime factors of 1008940.
2, 5, 61, 827
List the prime factors of 1284269.
7, 271, 677
What are the prime factors of 5318677?
7, 13, 211, 277
List the prime factors of 4159405.
5, 831881
List the prime factors of 1568718.
2, 3, 87151
List the prime factors of 184847.
13, 59, 241
What are the prime factors of 185757?
3, 11, 13, 433
What are the prime factors of 2562188?
2, 19, 33713
What are the prime factors of 230099?
109, 2111
What are the prime factors of 15908026?
2, 7954013
What are the prime factors of 17780511?
3, 7, 41, 107, 193
List the prime factors of 1563984.
2, 3, 10861
List the prime factors of 1267520.
2, 5, 17, 233
What are the prime factors of 12655587?
3, 7, 602647
List the prime factors of 2886922.
2, 1443461
What are the prime factors of 8524625?
5, 47, 1451
What are the prime factors of 910562?
2, 307, 1483
List the prime factors of 18622404.
2, 3, 517289
What are the prime factors of 13372770?
2, 3, 5, 19, 29, 809
What are the prime factors of 22593427?
73, 127, 2437
List the prime factors of 19057.
17, 19, 59
Wha